
-111012012
In base 14, what is 0 + 17966?
17966
In base 10, what is 4 + -88432?
-88428
In base 6, what is -244002 - 153?
-244155
In base 8, what is 27231022 - 100?
27230722
In base 6, what is -2012 + -20140302?
-20142314
In base 16, what is 46ee3f - 1c?
46ee23
In base 11, what is 18 + -311986?
-311969
In base 4, what is -2 - -130121311123?
130121311121
In base 12, what is 6 + -83250b?
-832505
In base 4, what is -21312 + -3131310?
-3213222
In base 16, what is cbce9 + 17?
cbd00
In base 11, what is 1971467 - -22?
1971489
In base 7, what is 3 + -440321403?
-440321400
In base 6, what is 50 + 24112200?
24112250
In base 7, what is 3325136 - -36?
3325205
In base 13, what is 105 + -26cc99?
-26cb94
In base 10, what is 53956492 + 4?
53956496
In base 16, what is -30 - -64729?
646f9
In base 16, what is 971 - 8a0?
d1
In base 16, what is 3adea664 - 5?
3adea65f
In base 14, what is -1 - 17b12ca?
-17b12cb
In base 7, what is -4 + 10462533?
10462526
In base 2, what is -1000111101111 - 100011111101?
-1101011101100
In base 16, what is -1b1bb1e + 4?
-1b1bb1a
In base 4, what is 20102213210 + -330?
20102212220
In base 10, what is -415 - 7352?
-7767
In base 11, what is 2a9 + 81212?
81510
In base 3, what is -21111201100010 + 11121?
-21111201011112
In base 2, what is 10111100110100111101 - 10000?
10111100110100101101
In base 12, what is -81 - b83a3?
-b8464
In base 14, what is -c92245 + 4?
-c92241
In base 10, what is -10 - -247037?
247027
In base 4, what is 12 - 1330021030012?
-1330021030000
In base 16, what is -42ea3 - -9d?
-42e06
In base 10, what is -428 - 21482?
-21910
In base 8, what is -6007 - 602140?
-610147
In base 7, what is 123434 + 25464?
152231
In base 13, what is 9035 - a43?
82c2
In base 14, what is 1055 + -34?
1021
In base 4, what is -1311212112223 - -22?
-1311212112201
In base 6, what is -12524321 - -514?
-12523403
In base 5, what is -4 - -134422102232?
134422102223
In base 8, what is -7662123 + -22?
-7662145
In base 5, what is 20 + 1032201223?
1032201243
In base 15, what is -4 + 1498b557?
1498b553
In base 16, what is 1e94e2 + -10?
1e94d2
In base 6, what is -110 - -3203543?
3203433
In base 2, what is 1010010011101000111 - 1010010?
1010010011011110101
In base 11, what is -183 - 12288?
-12460
In base 9, what is 12 + 34227501?
34227513
In base 6, what is -10 + 310454023?
310454013
In base 3, what is 11 + 20100101020122?
20100101020210
In base 15, what is -349 + -3280?
-35c9
In base 4, what is -132002101332 + 201?
-132002101131
In base 8, what is 71 + -36216?
-36125
In base 11, what is -4 - -318034?
318030
In base 5, what is 1 - -12414421300?
12414421301
In base 16, what is 30da651 + -5?
30da64c
In base 15, what is -6bd1 + 36?
-6b9a
In base 14, what is 96 - -245bd?
24675
In base 16, what is -65c6 - -78?
-654e
In base 14, what is 95 - 966c?
-95b7
In base 9, what is -115602 + 144?
-115447
In base 15, what is 6bb + -247d?
-1cb2
In base 10, what is 171127 + 63?
171190
In base 3, what is -10201122001102120 - 12?
-10201122001102202
In base 15, what is -52ae061 + 5?
-52ae05b
In base 12, what is 5 + -1a24206?
-1a24201
In base 3, what is -11222220001212 + -1011?
-11222220010000
In base 4, what is 10013331132 + -23?
10013331103
In base 8, what is -7 - -15203035?
15203026
In base 14, what is 2745 + a6c?
33b3
In base 6, what is 233443 + 1330?
235213
In base 3, what is 2001110200202110 + 110?
2001110200202220
In base 9, what is 2 + 11486233?
11486235
In base 16, what is -1a7 + 1e1a?
1c73
In base 6, what is 3 + -120515112?
-120515105
In base 16, what is -a - 4c503ae?
-4c503b8
In base 15, what is -c9439 + 34?
-c9405
In base 13, what is -59 - 23379?
-23405
In base 3, what is 2122 - -11001111200?
11001121022
In base 16, what is 21302820 + -2?
2130281e
In base 9, what is -1224 + -220874?
-222208
In base 4, what is -103 - -320022303202?
320022303033
In base 6, what is 105543521331 + 0?
105543521331
In base 9, what is -5312160703 - -2?
-5312160701
In base 14, what is -4 + 14d1a990?
14d1a98a
In base 12, what is -246bb6b - b?
-246bb7a
In base 9, what is -3640 + -6025?
-10665
In base 12, what is -550 - 5b6?
-b46
In base 7, what is 2 + -11151103?
-11151101
In base 13, what is -21811813 + 0?
-21811813
In base 3, what is -1 + 2220101020100202?
2220101020100201
In base 9, what is 0 + -12134138?
-12134138
In base 8, what is 0 + -1073430704?
-1073430704
In base 5, what is 122 + 1102312442?
1102313114
In base 2, what is -1 - -1000101010011110110101011101?
1000101010011110110101011100
In base 7, what is 3034 + 51144?
54211
In base 7, what is 63310304 + -2?
63310302
In base 5, what is 214033 + -43311?
120222
In base 13, what is -7a7 - 4482?
-4c59
In base 13, what is -72 + 17660?
175bb
In base 16, what is -5 + 19f61?
19f5c
In base 4, what is 11100003121 - -121?
11100003302
In base 6, what is 3 + -51254513?
-51254510
In base 3, what is 21221102 + 1011020?
100002122
In base 8, what is -344645156 - -5?
-344645151
In base 4, what is 130300 - -3023122?
3220022
In base 2, what is -100001010 - 1101000110010?
-1101100111100
In base 3, what is -120 + -110202220002201?
-110202220010021
In base 9, what is -67867448 + -3?
-67867452
In base 2, what is 0 + 1100010001100100101011010?
1100010001100100101011010
In base 2, what is 1001000001 + 100001011001110110?
100001100010110111
In base 10, what is 138 + -219428?
-219290
In base 2, what is -101100011101010111 - -100?
-101100011101010011
In base 6, what is 334032025 - 11?
334032014
In base 2, what is -101100010011010101011010 + 1011?
-101100010011010101001111
In base 12, what is -1342 + 294780?
29343a
In base 8, what is -115373746 - 5?
-115373753
In base 9, what is -13 + 157712?
157688
In base 5, what is 1123143214 + -4?
1123143210
In base 15, what is 32a0 - 4a?
3255
In base 15, what is 3c - -12c6612?
12c664e
In base 12, what is a95b - 863?
a0b8
In base 13, what is 23 + -1820?
-17ca
In base 2, what is 1111110000111111111000000 - 101?
1111110000111111110111011
In base 14, what is 5 - -638109?
638110
In base 16, what is 8 - -62952?
6295a
In base 16, what is ad + -3e583?
-3e4d6
In base 7, what is 224111 + -3112?
220666
In base 12, what is -57b - 43922?
-442a1
In base 12, what is -120632 - -2?
-120630
In base 12, what is -5790 + 11b6?
-4596
In base 3, what is -120 + -11202011?
-11202201
In base 12, what is -153 + -b6705?
-b6858
In base 3, what is 11200222020 - -21202?
11201020222
In base 4, what is 101213 - -23323012?
30030231
In base 2, what is -11100101100101000010011 + 1111?
-11100101100101000000100
In base 12, what is -4 - -376626?
376622
In base 13, what is -123b4 + 143?
-12271
In base 11, what is 38933a9 + -2?
38933a7
In base 14, what is -50d - 1bb3?
-22c2
In base 13, what is 13356076 - 0?
13356076
In base 6, what is -5252 - -5243220?
5233524
In base 7, what is -2125 - -22435?
20310
In base 9, what is 12 + 7157087?
7157110
In base 16, what is -23206 + -a6?
-232ac
In base 10, what is 3 + 898843?
898846
In base 2, what is 11110110001 - -1000111110101100?
1001011101011101
In base 4, what is -1130321 + -11132?
-1202113
In base 3, what is 1110202222 + -10101112?
1100101110
In base 2, what is -11101110100100100010 + -1?
-11101110100100100011
In base 6, what is 511344 - -32233?
544021
In base 5, what is 2 + -2041142331?
-2041142324
In base 13, what is 1b1 - -103b49?
10402a
In base 10, what is 2 + -5680961?
-5680959
In base 6, what is -5 + 105500152?
105500143
In base 3, what is 112120210001120 + 0?
112120210001120
In base 12, what is 2178 + 10968?
12b24
In base 9, what is 34 + 3000143?
3000177
In base 14, what is cc31 + 4c9?
d31a
In base 6, what is -343 - -3101333?
3100550
In base 7, what is 13 + 4642621?
4642634
In base 9, what is -2565635 - -34?
-2565601
In base 5, what is -13121 + -1001033?
-1014204
In base 15, what is -8515d6 + 7?
-8515ce
In base 3, what is 1012100011 - 100120?
1011222121
In base 3, what is -1211001222 + -12011012?
-2000020011
In base 12, what is 2b - aa89?
-aa5a
In base 8, what is 53033 + -3010?
50023
In base 5, what is 11314 + 3001341?
3013210
In base 2, what is 10110011000 - -10011111100001?
10110101111001
In base 6, what is -5 + -304440450?
-304440455
In base 15, what is 406 + 306?
70c
In base 2, what is -110001101001 + -101011001010001001?
-101011111011110010
In base 9, what is -2 - 4114718?
-4114721
In base 10, what is -4010057 + -4